 base 8
12
Convert 1 (base 3) to base 13.
1
10 (base 7) to base 2
111
-15 (base 12) to base 4
-101
Convert -1011 (base 5) to base 13.
-a1
Convert -100101 (base 2) to base 15.
-27
45 (base 9) to base 3
1112
Convert 1a (base 12) to base 9.
24
Convert -211 (base 6) to base 10.
-79
Convert 0 (base 11) to base 2.
0
Convert -101 (base 3) to base 8.
-12
11 (base 6) to base 3
21
What is 103 (base 9) in base 7?
150
Convert -121 (base 6) to base 16.
-31
Convert -2 (base 4) to base 15.
-2
0 (base 5) to base 3
0
130 (base 9) to base 15
73
Convert -b4 (base 16) to base 14.
-cc
Convert -232 (base 7) to base 2.
-1111001
What is 3 (base 15) in base 16?
3
0 (base 9) to base 4
0
Convert -2 (base 9) to base 3.
-2
Convert -2031 (base 4) to base 13.
-ab
What is 10 (base 13) in base 9?
14
What is 0 (base 5) in base 2?
0
27 (base 12) to base 2
11111
-123 (base 6) to base 7
-102
What is 0 (base 9) in base 10?
0
-3 (base 7) to base 8
-3
Convert 10 (base 10) to base 13.
a
What is -2 (base 7) in base 14?
-2
What is -31 (base 6) in base 9?
-21
What is -203 (base 9) in base 12?
-119
-2 (base 11) to base 15
-2
Convert 1 (base 8) to base 3.
1
Convert 213 (base 6) to base 2.
1010001
-2 (base 16) to base 4
-2
1 (base 3) to base 15
1
59 (base 11) to base 10
64
What is -1 (base 6) in base 12?
-1
-4c (base 16) to base 2
-1001100
1 (base 12) to base 15
1
What is 2 (base 7) in base 14?
2
-10 (base 8) to base 9
-8
Convert -21 (base 5) to base 11.
-10
-4 (base 6) to base 4
-10
11 (base 13) to base 2
1110
-15 (base 7) to base 6
-20
Convert -1 (base 11) to base 6.
-1
Convert 3 (base 7) to base 16.
3
240 (base 6) to base 14
6c
110 (base 2) to base 10
6
What is -1 (base 13) in base 8?
-1
What is 32 (base 10) in base 11?
2a
Convert -7 (base 10) to base 11.
-7
Convert -7 (base 8) to base 16.
-7
Convert -12 (base 5) to base 8.
-7
Convert -1 (base 11) to base 6.
-1
What is 24 (base 6) in base 13?
13
21 (base 4) to base 10
9
What is 1 (base 16) in base 10?
1
13 (base 11) to base 15
e
Convert 3 (base 5) to base 4.
3
What is 2 (base 5) in base 8?
2
Convert -6 (base 9) to base 10.
-6
What is -3 (base 5) in base 13?
-3
Convert -3 (base 12) to base 16.
-3
Convert -140 (base 5) to base 15.
-30
-d (base 16) to base 10
-13
What is -1 (base 8) in base 7?
-1
Convert 10 (base 3) to base 4.
3
-24 (base 5) to base 11
-13
What is 4 (base 10) in base 11?
4
10 (base 9) to base 5
14
Convert 20010 (base 3) to base 13.
c9
What is 52 (base 12) in base 6?
142
What is 10 (base 2) in base 14?
2
What is 0 (base 15) in base 8?
0
Convert -1a (base 14) to base 10.
-24
Convert -36 (base 14) to base 2.
-110000
-21 (base 5) to base 3
-102
Convert -2 (base 13) to base 7.
-2
Convert -16 (base 16) to base 9.
-24
What is -4 (base 7) in base 11?
-4
What is -44 (base 9) in base 3?
-1111
Convert 210 (base 3) to base 10.
21
What is -23 (base 6) in base 9?
-16
1 (base 11) to base 6
1
-1010011 (base 2) to base 11
-76
Convert 3 (base 14) to base 7.
3
1021 (base 3) to base 5
114
Convert 32 (base 9) to base 15.
1e
-11 (base 3) to base 12
-4
Convert -6 (base 16) to base 6.
-10
What is -5 (base 13) in base 10?
-5
1103 (base 5) to base 8
231
Convert 120 (base 7) to base 2.
111111
-1 (base 11) to base 14
-1
1 (base 3) to base 13
1
Convert 2 (base 12) to base 11.
2
17 (base 8) to base 6
23
Convert 11 (base 2) to base 16.
3
-100 (base 7) to base 15
-34
Convert -5c (base 15) to base 4.
-1113
Convert -6 (base 11) to base 15.
-6
-1201 (base 3) to base 4
-232
Convert 1011000 (base 2) to base 10.
88
-121 (base 6) to base 8
-61
What is -11 (base 16) in base 12?
-15
Convert 0 (base 4) to base 11.
0
What is 0 (base 6) in base 3?
0
-3 (base 12) to base 10
-3
What is 14 (base 13) in base 7?
23
What is -1 (base 11) in base 8?
-1
What is -b5 (base 16) in base 10?
-181
Convert 6 (base 14) to base 10.
6
What is -3 (base 11) in base 10?
-3
What is 2 (base 11) in base 13?
2
What is -100101 (base 2) in base 14?
-29
-38 (base 15) to base 13
-41
4 (base 6) to base 15
4
Convert -2 (base 8) to base 9.
-2
12 (base 4) to base 5
11
Convert 1 (base 9) to base 8.
1
0 (base 4) to base 8
0
What is 3 (base 11) in base 5?
3
17 (base 8) to base 11
14
What is 7 (base 16) in base 8?
7
140 (base 9) to base 6
313
Convert -1 (base 15) to base 10.
-1
Convert -11 (base 4) to base 15.
-5
Convert -9 (base 16) to base 9.
-10
What is 354 (base 6) in base 10?
142
What is 2d (base 14) in base 12?
35
Convert -1203 (base 4) to base 12.
-83
Convert -10001 (base 3) to base 6.
-214
What is 1000110 (base 2) in base 9?
77
What is -2 (base 3) in base 4?
-2
-5 (base 9) to base 3
-12
10 (base 5) to base 15
5
-68 (base 11) to base 15
-4e
Convert -1000 (base 2) to base 6.
-12
Convert -212 (base 8) to base 2.
-10001010
Convert 1c5 (base 13) to base 2.
101001010
Convert 234 (base 8) to base 16.
9c
Convert -24 (base 8) to base 3.
-202
Convert 1120 (base 3) to base 16.
2a
What is 3 (base 16) in base 3?
10
What is 0 (base 3) in base 12?
0
What is -45 (base 11) in base 3?
-1211
What is -30 (base 4) in base 13?
-c
What is -5 (base 12) in base 15?
-5
What is -8 (base 16) in base 15?
-8
50 (base 7) to base 4
203
Convert -22 (base 7) to base 5.
-31
Convert 2 (base 15) to base 11.
2
What is 4 (base 15) in base 10?
4
443 (base 6) to base 7
333
Convert -1 (base 8) to base 14.
-1
a (base 13) to base 12
a
What is -81 (base 9) in base 14?
-53
-26 (base 12) to base 7
-42
What is a (base 15) in base 12?
a
-c (base 13) to base 4
-30
5 (base 8) to base 15
5
0 (base 10) to base 11
0
Convert -6 (base 8) to base 6.
-10
What is -102 (base 10) in base 13?
-7b
Convert 0 (base 15) to base 7.
0
322 (base 7) to base 5
1123
1c (base 14) to base 4
122
Convert -33 (base 15) to base 9.
-53
What is -3 (base 5) in base 7?
-3
-6 (base 14) to base 7
-6
What is -164 (base 8) in base 11?
-a6
Convert -134 (base 5) to base 3.
-1122
Convert -2 (base 3) to base 11.
-2
What is 2 (base 6) in base 16?
2
-3 (base 6) to base 2
-11
What is -12 (base 6) in base 3?
-22
What is 4 (base 15) in base 13?
4
What is 1 (base 3) in base 5?
1
3 (base 6) to base 8
3
Convert 0 (base 12) to base 6.
0
-fb (base 16) to base 6
-1055
Convert -43 (base 9) to base 6.
-103
Convert -5 (base 11) to base 13.
-5
Convert 1142 (base 6) to base 13.
185
What is 3 (base 10) in base 14?
3
-10 (base 2) to base 5
-2
Convert -560 (base 7) to base 6.
-1155
-10 (base 4) to base 5
-4
11 (base 2) to base 4
3
1 (base 10) to base 15
1
Convert 0 (base 12) to base 3.
0
Convert 0 (base 13) to base 5.
0
What is -2 (base 15) in base 7?
-2
What is -1c (base 15) in base 7?
-36
What is -20120 (base 3) in base 11?
-151
Convert 220 (base 4) to base 7.
55
Convert -282 (base 10) to base 5.
-2112
What is -128 (base 11) in base 3?
-12121
14 (base 11) to base 13
12
Convert 3 (base 12) to base 11.
3
Convert 5 (base 8) to base 5.
10
-10 (base 14) to base 10
-14
What is 2 (base 10) in base 15?
2
Convert 3 (base 13) to base 7.
3
What is 0 (base 12) in base 4?
0
Convert -4 (base 8) to base 3.
-11
What is 82 (base 9) in base 3?
2202
a7 (base 13) to base 15
92
What is 100 (base 2) in base 13?
4
-11 (base 9) to base 16
-a
Convert -33 (base 11) to base 10.
-36
What is 8f (base 16) in base 5?
1033
Convert -41 (base 11) to base 10.
-45
What is -11 (base 2) in base 13?
-3
-11011 (base 2) to base 7
-36
-1d (base 15) to base 8
-34
Convert -1 (base 2) to base 12.
-1
Convert 10 (base 4) to base 2.
100
Convert -15 (base 12) to base 8.
-21
1211 (base 3) to base 14
37
What is -20 (base 10) in base 16?
-14
What is 110 (base 3) in base 8?
14
What is 11 (base 2) in base 6?
3
-2012 (base 4) to base 9
-158
Convert -100000 (base 2) to base 15.
-22
Convert 133 (base 7) to base 11.
67
What is -118 (base 12) in base 14?
-ba
Convert -62 (base 11) to base 14.
-4c
-168 (base 11) to base 7
-366
1 (base 6) to base 16
1
29 (base 12) to base 16
21
-4 (base 16) to base 5
-4
What is -103 (base 8) in base 4?
-1003
3 (base 12) to base 6
3
-13 (base 15) to base 6
-30
What is 8 (base 14) in base 16?
8
What is -3 (base 14) in base 4?
-3
What is -b0 (base 13) in base 7?
-263
-4 (base 15) to base 12
-4
What is -11011 (base 2) in base 6?
-43
-7 (base 15) to base 12
-7
-23 (base 5) to base 9
-14
2 (base 12) to base 6
2
33 (base 7) to base 6
40
-20 (base 16) to base 11
-2a
3210 (base 4) to base 11
198
-1c (base 13) to base 2
-11001
Conve